s the ten thousands digit of 26898891?
9
What is the millions digit of 149661456?
9
What is the hundreds digit of 543230069?
0
What is the tens digit of 1451105928?
2
What is the hundreds digit of 2253948367?
3
What is the millions digit of 2261113951?
1
What is the tens digit of 1175636483?
8
What is the ten thousands digit of 22446797?
4
What is the thousands digit of 9801331?
1
What is the hundred thousands digit of 269143930?
1
What is the hundred thousands digit of 4868297416?
2
What is the tens digit of 22111594?
9
What is the tens digit of 51020708?
0
What is the ten millions digit of 834216098?
3
What is the tens digit of 123981949?
4
What is the ten millions digit of 114185668?
1
What is the thousands digit of 1852600247?
0
What is the hundreds digit of 55055861?
8
What is the hundreds digit of 2185553357?
3
What is the units digit of 926067392?
2
What is the tens digit of 19946670?
7
What is the thousands digit of 442539229?
9
What is the hundred thousands digit of 1346987567?
9
What is the ten millions digit of 281308785?
8
What is the tens digit of 2761609839?
3
What is the tens digit of 2297259219?
1
What is the thousands digit of 181756223?
6
What is the thousands digit of 205452277?
2
What is the thousands digit of 99097955?
7
What is the millions digit of 330102293?
0
What is the millions digit of 123472026?
3
What is the hundreds digit of 7374973?
9
What is the units digit of 1028172323?
3
What is the hundred thousands digit of 86605940?
6
What is the ten millions digit of 584867989?
8
What is the tens digit of 31621642?
4
What is the hundred thousands digit of 82516545?
5
What is the ten millions digit of 728065938?
2
What is the hundred millions digit of 1579721130?
5
What is the units digit of 4594983?
3
What is the units digit of 598419362?
2
What is the billions digit of 7076325616?
7
What is the hundred thousands digit of 759833824?
8
What is the tens digit of 761318847?
4
What is the hundred thousands digit of 82101448?
1
What is the ten thousands digit of 111518883?
1
What is the millions digit of 69598786?
9
What is the ten millions digit of 235317579?
3
What is the millions digit of 161862033?
1
What is the thousands digit of 2909077?
9
What is the hundreds digit of 2171027994?
9
What is the hundreds digit of 157495522?
5
What is the thousands digit of 727145039?
5
What is the ten thousands digit of 1713747901?
4
What is the ten thousands digit of 176139403?
3
What is the thousands digit of 612343996?
3
What is the ten millions digit of 4376910028?
7
What is the hundred thousands digit of 30374146?
3
What is the hundred thousands digit of 39666561?
6
What is the tens digit of 177714611?
1
What is the millions digit of 331353773?
1
What is the thousands digit of 23680769?
0
What is the hundreds digit of 230985614?
6
What is the millions digit of 12202976?
2
What is the hundreds digit of 50122983?
9
What is the units digit of 3462508338?
8
What is the units digit of 494685937?
7
What is the hundreds digit of 2138280101?
1
What is the ten millions digit of 34219367?
3
What is the hundreds digit of 52539534?
5
What is the millions digit of 359981144?
9
What is the millions digit of 112831388?
2
What is the millions digit of 9300436?
9
What is the tens digit of 714513039?
3
What is the hundred millions digit of 116555664?
1
What is the hundred thousands digit of 3337286815?
2
What is the hundred thousands digit of 203287822?
2
What is the ten thousands digit of 151082147?
8
What is the hundreds digit of 928442576?
5
What is the ten millions digit of 70573760?
7
What is the ten thousands digit of 15147608?
4
What is the hundreds digit of 1085787950?
9
What is the thousands digit of 12967832?
7
What is the thousands digit of 44108847?
8
What is the tens digit of 4704458245?
4
What is the units digit of 46678381?
1
What is the ten thousands digit of 62965719?
6
What is the ten thousands digit of 26143261?
4
What is the hundreds digit of 867263970?
9
What is the thousands digit of 272995681?
5
What is the ten thousands digit of 1088994364?
9
What is the ten thousands digit of 75747268?
4
What is the tens digit of 67826697?
9
What is the thousands digit of 24305442?
5
What is the units digit of 139790701?
1
What is the millions digit of 237501054?
7
What is the millions digit of 2068829536?
8
What is the ten thousands digit of 674442918?
4
What is the units digit of 198095?
5
What is the millions digit of 4773474?
4
What is the ten thousands digit of 35717846?
1
What is the tens digit of 49295534?
3
What is the units digit of 678988047?
7
What is the millions digit of 41967749?
1
What is the hundred thousands digit of 85414554?
4
What is the ten millions digit of 32790758?
3
What is the millions digit of 1193805955?
3
What is the ten millions digit of 12782525?
1
What is the hundreds digit of 484539274?
2
What is the hundred millions digit of 612895841?
6
What is the tens digit of 339188351?
5
What is the hundred thousands digit of 58511377?
5
What is the hundreds digit of 16514986?
9
What is the millions digit of 50988112?
0
What is the hundred millions digit of 1804379218?
8
What is the units digit of 75370363?
3
What is the hundreds digit of 47246371?
3
What is the hundreds digit of 103327851?
8
What is the units digit of 2525320931?
1
What is the units digit of 16956649?
9
What is the tens digit of 434588000?
0
What is the thousands digit of 476808725?
8
What is the millions digit of 972332243?
2
What is the hundred thousands digit of 32728129?
7
What is the thousands digit of 961828553?
8
What is the ten thousands digit of 921538226?
3
What is the hundreds digit of 33358983?
9
What is the billions digit of 2497363779?
2
What is the hundred thousands digit of 635102942?
1
What is the ten thousands digit of 3683845967?
4
What is the millions digit of 51446210?
1
What is the millions digit of 38226785?
8
What is the tens digit of 184794597?
9
What is the millions digit of 113899466?
3
What is the millions digit of 2746223819?
6
What is the hundreds digit of 291948782?
7
What is the units digit of 308133051?
1
What is the ten thousands digit of 42718006?
1
What is the thousands digit of 746482676?
2
What is the tens digit of 76519621?
2
What is the hundreds digit of 3713155536?
5
What is the tens digit of 689428453?
5
What is the hundreds digit of 283492705?
7
What is the ten millions digit of 81009234?
8
What is the ten thousands digit of 13410271?
1
What is the hundreds digit of 1051725285?
2
What is the ten millions digit of 224483426?
2
What is the billions digit of 1296030114?
1
What is the hundred millions digit of 1834356357?
8
What is the ten millions digit of 41018583?
4
What is the ten millions digit of 52681095?
5
What is the hundreds digit of 442033474?
4
What is the hundreds digit of 120529739?
7
What is the hundred thousands digit of 10647821?
6
What is the ten thousands digit of 173148514?
4
What is the ten millions digit of 366541300?
6
What is the units digit of 117640302?
2
What is the units digit of 36886537?
7
What is the ten thousands digit of 371686500?
8
What is the units digit of 19325949?
9
What is the ten thousands digit of 22928622?
2
What is the hundred millions digit of 253760758?
2
What is the thousands digit of 22170314?
0
What is the hundred thousands digit of 12574009?
5
What is the hundred thousands digit of 127143922?
1
What is the units digit of 175568267?
7
What is the hundred thousands digit of 81176802?
1
What is the hundreds digit of 45342805?
8
What is the ten thousands digit of 1366685816?
8
What is the millions digit of 127120133?
7
What is the ten thousands digit of 135530764?
3
What is the tens digit of 301800179?
7
What is the ten thousands digit of 1562023938?
2
What is the ten millions digit of 3741269207?
4
What is the hundred millions digit of 139617210?
1
What is the millions digit of 636504500?
6
What is the hundred thousands digit of 135442938?
4
What is the hundred thousands digit of 67884218?
8
What is the ten thousands digit of 922393909?
9
What is the millions digit of 44358384?
4
What is the tens digit of 45069179?
7
What is the ten millions digit of 1229181433?
2
What is the millions digit of 367625880?
7
What is the hundred millions digit of 104072329?
1
What is